e factors of 8398141?
8398141
What are the prime factors of 585945?
3, 5, 29, 449
What are the prime factors of 3368281?
7, 23, 20921
List the prime factors of 4418322.
2, 3, 736387
List the prime factors of 701162.
2, 7, 11, 29, 157
List the prime factors of 6441364.
2, 29, 55529
List the prime factors of 8212312.
2, 43, 23873
What are the prime factors of 193014?
2, 3, 10723
List the prime factors of 201844.
2, 50461
What are the prime factors of 10456966?
2, 13, 89, 4519
List the prime factors of 161489.
167, 967
List the prime factors of 3479949.
3, 11, 11717
List the prime factors of 432870.
2, 3, 5, 47, 307
List the prime factors of 10631418.
2, 3, 7, 269, 941
List the prime factors of 2858840.
2, 5, 71471
What are the prime factors of 13938539?
2851, 4889
What are the prime factors of 18053320?
2, 5, 17, 139, 191
What are the prime factors of 4089154?
2, 2044577
List the prime factors of 287573.
11, 13, 2011
What are the prime factors of 7424083?
7424083
List the prime factors of 918990.
2, 3, 5, 10211
What are the prime factors of 2416342?
2, 43, 28097
What are the prime factors of 446011?
113, 3947
List the prime factors of 15168796.
2, 31, 149, 821
List the prime factors of 4723905.
3, 5, 314927
List the prime factors of 114336.
2, 3, 397
List the prime factors of 4183252.
2, 409, 2557
What are the prime factors of 16299620?
2, 5, 53, 15377
What are the prime factors of 716632?
2, 7, 67, 191
List the prime factors of 8018214.
2, 3, 23, 97, 599
List the prime factors of 2931.
3, 977
What are the prime factors of 1769450?
2, 5, 43, 823
What are the prime factors of 258528?
2, 3, 2693
What are the prime factors of 241445?
5, 43, 1123
List the prime factors of 2651322.
2, 3, 441887
What are the prime factors of 4953954?
2, 3, 29, 71, 401
List the prime factors of 26696551.
7, 311, 12263
List the prime factors of 6140679.
3, 2046893
List the prime factors of 166286.
2, 29, 47, 61
List the prime factors of 20116.
2, 47, 107
List the prime factors of 13881190.
2, 5, 23, 60353
What are the prime factors of 1295276?
2, 323819
What are the prime factors of 9027490?
2, 5, 53, 17033
What are the prime factors of 4035469?
4035469
List the prime factors of 7002596.
2, 109, 16061
What are the prime factors of 321072?
2, 3, 6689
What are the prime factors of 286185?
3, 5, 19079
What are the prime factors of 5754543?
3, 1918181
What are the prime factors of 570270?
2, 3, 5, 19009
List the prime factors of 7630853.
101, 75553
What are the prime factors of 5136839?
17, 302167
What are the prime factors of 2688137?
2688137
What are the prime factors of 245938?
2, 7, 11, 1597
List the prime factors of 65051.
7, 9293
List the prime factors of 21724171.
7, 83, 139, 269
List the prime factors of 19149.
3, 13, 491
What are the prime factors of 24297034?
2, 113, 107509
List the prime factors of 14957544.
2, 3, 7, 23, 79
What are the prime factors of 947424?
2, 3, 71, 139
What are the prime factors of 5792641?
5792641
What are the prime factors of 1439589?
3, 29, 16547
What are the prime factors of 6215518?
2, 41, 229, 331
List the prime factors of 348265.
5, 69653
What are the prime factors of 2192385?
3, 5, 13, 11243
List the prime factors of 1171568.
2, 37, 1979
What are the prime factors of 278629?
13, 21433
What are the prime factors of 2749437?
3, 79, 1289
What are the prime factors of 148701?
3, 7, 73, 97
List the prime factors of 617806.
2, 7, 44129
What are the prime factors of 19615?
5, 3923
What are the prime factors of 2243461?
11, 18541
List the prime factors of 5087225.
5, 11, 13, 1423
What are the prime factors of 16747750?
2, 5, 31, 2161
List the prime factors of 664733.
31, 41, 523
What are the prime factors of 1262667?
3, 7, 60127
What are the prime factors of 924409?
17, 54377
List the prime factors of 144741.
3, 48247
What are the prime factors of 30007997?
3677, 8161
What are the prime factors of 1515675?
3, 5, 7, 2887
List the prime factors of 19852170.
2, 3, 5, 13, 109, 467
What are the prime factors of 162045?
3, 5, 13, 277
What are the prime factors of 478488?
2, 3, 19937
What are the prime factors of 203145?
3, 5, 29, 467
What are the prime factors of 10905063?
3, 13, 137, 157
What are the prime factors of 7749129?
3, 83, 31121
List the prime factors of 2774623.
2774623
What are the prime factors of 1134955?
5, 226991
What are the prime factors of 121674?
2, 3, 7, 2897
List the prime factors of 323294.
2, 109, 1483
List the prime factors of 18746669.
137, 193, 709
What are the prime factors of 268299?
3, 19, 523
List the prime factors of 10472565.
3, 5, 698171
List the prime factors of 4400909.
17, 83, 3119
List the prime factors of 15750911.
11, 53, 27017
List the prime factors of 276079.
276079
What are the prime factors of 2021602?
2, 11, 43, 2137
What are the prime factors of 132257?
132257
What are the prime factors of 16993202?
2, 251, 33851
List the prime factors of 763805.
5, 7, 139, 157
What are the prime factors of 8996139?
3, 19, 52609
What are the prime factors of 3597612?
2, 3, 19, 31, 509
What are the prime factors of 2223184?
2, 41, 3389
List the prime factors of 408985.
5, 157, 521
List the prime factors of 349515.
3, 5, 863
List the prime factors of 3705528.
2, 3, 103, 1499
What are the prime factors of 1739980?
2, 5, 11, 719
What are the prime factors of 143154?
2, 3, 11, 241
What are the prime factors of 8549395?
5, 59, 73, 397
What are the prime factors of 4520804?
2, 757, 1493
What are the prime factors of 8045102?
2, 13, 41, 7547
List the prime factors of 2451353.
829, 2957
What are the prime factors of 662794?
2, 11, 47, 641
List the prime factors of 473812.
2, 118453
What are the prime factors of 1179964?
2, 294991
What are the prime factors of 13771192?
2, 31, 55529
List the prime factors of 11998916.
2, 23, 130423
What are the prime factors of 1301462?
2, 19, 29, 1181
What are the prime factors of 496214?
2, 137, 1811
List the prime factors of 2085330.
2, 3, 5, 13, 5347
List the prime factors of 3935058.
2, 3, 17, 173, 223
What are the prime factors of 37951754?
2, 3079, 6163
What are the prime factors of 7985276?
2, 13, 153563
List the prime factors of 19058228.
2, 7, 680651
What are the prime factors of 234110?
2, 5, 41, 571
What are the prime factors of 1013526?
2, 3, 137
What are the prime factors of 1462703?
11, 103, 1291
List the prime factors of 231184.
2, 14449
List the prime factors of 353042.
2, 176521
What are the prime factors of 116971?
53, 2207
List the prime factors of 947750.
2, 5, 17, 223
What are the prime factors of 3768868?
2, 942217
What are the prime factors of 618381?
3, 37, 619
List the prime factors of 22578827.
43, 73, 7193
What are the prime factors of 5931025?
5, 131, 1811
List the prime factors of 10277990.
2, 5, 1027799
List the prime factors of 1467318.
2, 3, 244553
List the prime factors of 10936.
2, 1367
What are the prime factors of 4973?
4973
What are the prime factors of 280978?
2, 37, 3797
List the prime factors of 120095.
5, 24019
What are the prime factors of 2654843?
349, 7607
What are the prime factors of 2887667?
227, 12721
List the prime factors of 3647959.
7, 521137
List the prime factors of 191455.
5, 11, 59
What are the prime factors of 1036351?
1036351
What are the prime factors of 26003007?
3, 211, 13693
What are the prime factors of 107180?
2, 5, 23, 233
What are the prime factors of 1751005?
5, 61, 5741
What are the prime factors of 627615?
3, 5, 4649
List the prime factors of 2324216.
2, 290527
List the prime factors of 325933.
23, 37, 383
List the prime factors of 381499.
47, 8117
List the prime factors of 175598.
2, 19, 4621
List the prime factors of 268842.
2, 3, 7, 37, 173
What are the prime factors of 276444?
2, 3, 7, 1097
List the prime factors of 1106857.
139, 7963
What are the prime factors of 267135?
3, 5, 11, 1619
What are the prime factors of 219146?
2, 19, 73, 79
List the prime factors of 7921709.
31, 47, 5437
What are the prime factors of 59373?
3, 733
What are the prime factors of 16497199?
509, 32411
What are the prime factors of 1230090?
2, 3, 5, 131, 313
What are the prime factors of 211470?
2, 3, 5, 7, 19, 53
What are the prime factors of 3470311?
13, 266947
What are the prime factors of 1061850?
2, 3, 5, 7079
What are the prime factors